{"id":2,"date":"2017-11-17T09:02:03","date_gmt":"2017-11-17T09:02:03","guid":{"rendered":"http:\/\/www.tilkkari.fi\/?page_id=2"},"modified":"2025-11-19T11:10:07","modified_gmt":"2025-11-19T11:10:07","slug":"about","status":"publish","type":"page","link":"https:\/\/www.tilkkari.fi\/","title":{"rendered":"Talouden moniosaaja palveluksessasi"},"content":{"rendered":"<p>Palveleva, yritystoiminnan etu edell\u00e4 toimiva laskentatoimen pro palveluksessasi, minulla on kokemusta yli kymmenen vuoden ajalta talouden konsultoinnista, yritt\u00e4jien sparrauksesta sek\u00e4 tilintarkastuksista laajalla skaalalla.<\/p>\n<p>Viimeiset viisi vuotta toimin ulkoistettuna p\u00e4\u00e4kirjanpit\u00e4j\u00e4n\u00e4 sek\u00e4 controllerina kansainv\u00e4lisess\u00e4 konsernissa, vastaten alkuun yhti\u00f6n ulkoisesta laskennasta, kirjanpidosta ja verotuksesta sek\u00e4 lopulta my\u00f6s sis\u00e4isest\u00e4 laskennasta ja taloustiimin johtamisesta.<\/p>\n<p>Olen toiminut suuressa kansainv\u00e4lisess\u00e4 konsernissa, BIG4-ymp\u00e4rist\u00f6ss\u00e4 sek\u00e4 pienemm\u00e4n tilintarkastustoimijan palveluksessa, n\u00e4hden n\u00e4iden maailmojen parhaat ja pahimmat puolet.\u00a0\u00a0<\/p>\n<p>Pyrin puhumaan suomea talousjargonin sijaan, siten ett\u00e4 yritt\u00e4j\u00e4, tiimi sek\u00e4 muut avainhenkil\u00f6t ymm\u00e4rt\u00e4v\u00e4t mist\u00e4 puhutaan ja miksi.\u00a0<\/p>\n<p>Ota yhteytt\u00e4 jos kaipaat tukea yrityksesi talousjohtamiseen, apua verotuskysymyksiin tai yritysj\u00e4rjestelyihin (olit sitten ostamassa, myym\u00e4ss\u00e4 tai uudelleenj\u00e4rjestelem\u00e4ss\u00e4 liiketoimintaa).<\/p>\n<p><strong>Onko yrityksell\u00e4si jatkuvasti rahat loppu? <\/strong><\/p>\n<p><strong>Joudutko juoksemaan, ett\u00e4 pysyt paikallaan?<\/strong><\/p>\n<p><strong>Vaikuttavatko kirjanpidon raportit heprealta, etk\u00e4 oikein tied\u00e4 miten yrityksell\u00e4 ihan oikeasti menee?<\/strong><\/p>\n<p><strong>Pystytk\u00f6 johtamaan toimintaa numeroilla?<\/strong><\/p>\n<p>Olen tehnyt yhteisty\u00f6t\u00e4, auttanut ja konsultoinut suurta m\u00e4\u00e4r\u00e4\u00e4 pieni\u00e4 ja keskisuuria yrityksi\u00e4 sek\u00e4 toiminut suuryrityksen talousjohdossa.<\/p>\n<p>Olen n\u00e4hnyt mitk\u00e4 ovat liiketoiminnan menestystekij\u00e4t, mitk\u00e4 ovat pahimmat sudenkuopat sek\u00e4 kuinka liiketoiminta saadaan toimimaan siten, ett\u00e4 liiketoiminnan prosessit sek\u00e4 raportoinnin luvut auttavat yritt\u00e4j\u00e4\u00e4 ja yrityksen johtoa viem\u00e4\u00e4n yrityksen oikeaan suuntaan.<\/p>\n<p>N\u00e4iden kokemusten my\u00f6t\u00e4 syntyi\u00a0<strong>&#8221;Talousp\u00e4\u00e4llikk\u00f6-light&#8221;, &#8221;Talousjohtaja-light&#8221;,<\/strong>\u00a0<strong>&#8221;Liiketoiminta minttiin&#8221;<\/strong> &#8211; sek\u00e4 &#8221;<strong>Numerosparraaja&#8221;-<\/strong>palvelupaketit, joissa k\u00e4ymme l\u00e4pi yritystoiminnan kipupisteet ja potentiaaliset kehityskohteet, yritystoiminnan nykytilan sek\u00e4 sen mihin yrityst\u00e4 tulisi vied\u00e4 tulevaisuudessa.<\/p>\n<p>Kerron my\u00f6s rehellisesti, jos n\u00e4kemykseni mukaan yritystoimintasi ei ole elinkelpoista sek\u00e4 sen mill\u00e4 reunaehdoilla toiminta voisi muuttua elinkelpoiseksi.<\/p>\n\n\n<p id=\"matomo_opted_out_intro\" style=\"display:none;\">Opt-out complete; your visits to this website will not be recorded by the Web Analytics tool. Note that if you clear your cookies, delete the opt-out cookie, or if you change computers or Web browsers, you will need to perform the opt-out procedure again.<\/p><p id=\"matomo_opted_in_intro\" >You may choose to prevent this website from aggregating and analyzing the actions you take here. Doing so will protect your privacy, but will also prevent the owner from learning from your actions and creating a better experience for you and other users.<\/p><form>\n        <input type=\"checkbox\" id=\"matomo_optout_checkbox\" checked=\"checked\"\/>\n        <label for=\"matomo_optout_checkbox\"><strong>\n        <span id=\"matomo_opted_in_label\" >You are not opted out. Uncheck this box to opt-out.<\/span>\n\t\t<span id=\"matomo_opted_out_label\" style=\"display:none;\">You are currently opted out. Check this box to opt-in.<\/span>\n        <\/strong><\/label><\/form><noscript><p><strong style=\"color: #ff0000;\">This opt out feature requires JavaScript.<\/strong><\/p><\/noscript><p id=\"matomo_outout_err_cookies\" style=\"display: none;\"><strong>The tracking opt-out feature requires cookies to be enabled.<\/strong><\/p>\n\n\n<p><!-- Matomo --><br \/>\n<script><br \/>\n  var _paq = window._paq = window._paq || [];<br \/>\n  \/* tracker methods like \"setCustomDimension\" should be called before \"trackPageView\" *\/<br \/>\n  _paq.push(['trackPageView']);<br \/>\n  _paq.push(['enableLinkTracking']);<br \/>\n  (function() {<br \/>\n    var u=\"\/\/www.tilkkari.fi\/tilastot\/\";<br \/>\n    _paq.push(['setTrackerUrl', u+'piwik.php']);<br \/>\n    _paq.push(['setSiteId', '1']);<br \/>\n    var d=document, g=d.createElement('script'), s=d.getElementsByTagName('script')[0];<br \/>\n    g.async=true; g.src=u+'piwik.js'; s.parentNode.insertBefore(g,s);<br \/>\n  })();<br \/>\n<\/script><br \/>\n<!-- End Matomo Code --><\/p>","protected":false},"excerpt":{"rendered":"<p>Palveleva, yritystoiminnan etu edell\u00e4 toimiva laskentatoimen pro palveluksessasi, minulla on kokemusta yli kymmenen vuoden ajalta talouden konsultoinnista, yritt\u00e4jien sparrauksesta sek\u00e4 tilintarkastuksista laajalla skaalalla. Viimeiset viisi vuotta toimin ulkoistettuna p\u00e4\u00e4kirjanpit\u00e4j\u00e4n\u00e4 sek\u00e4 controllerina kansainv\u00e4lisess\u00e4 konsernissa, vastaten alkuun yhti\u00f6n ulkoisesta laskennasta, kirjanpidosta ja verotuksesta sek\u00e4 lopulta my\u00f6s sis\u00e4isest\u00e4 laskennasta ja taloustiimin johtamisesta. Olen toiminut suuressa kansainv\u00e4lisess\u00e4 konsernissa, BIG4-ymp\u00e4rist\u00f6ss\u00e4 &hellip; <a href=\"https:\/\/www.tilkkari.fi\/\" class=\"more-link\">Jatka artikkeliin <span class=\"screen-reader-text\">Talouden moniosaaja palveluksessasi<\/span><\/a><\/p>\n","protected":false},"author":1,"featured_media":66,"parent":0,"menu_order":0,"comment_status":"closed","ping_status":"closed","template":"","meta":{"footnotes":""},"class_list":["post-2","page","type-page","status-publish","has-post-thumbnail","hentry"],"_links":{"self":[{"href":"https:\/\/www.tilkkari.fi\/index.php?rest_route=\/wp\/v2\/pages\/2","targetHints":{"allow":["GET"]}}],"collection":[{"href":"https:\/\/www.tilkkari.fi\/index.php?rest_route=\/wp\/v2\/pages"}],"about":[{"href":"https:\/\/www.tilkkari.fi\/index.php?rest_route=\/wp\/v2\/types\/page"}],"author":[{"embeddable":true,"href":"https:\/\/www.tilkkari.fi\/index.php?rest_route=\/wp\/v2\/users\/1"}],"replies":[{"embeddable":true,"href":"https:\/\/www.tilkkari.fi\/index.php?rest_route=%2Fwp%2Fv2%2Fcomments&post=2"}],"version-history":[{"count":9,"href":"https:\/\/www.tilkkari.fi\/index.php?rest_route=\/wp\/v2\/pages\/2\/revisions"}],"predecessor-version":[{"id":76,"href":"https:\/\/www.tilkkari.fi\/index.php?rest_route=\/wp\/v2\/pages\/2\/revisions\/76"}],"wp:featuredmedia":[{"embeddable":true,"href":"https:\/\/www.tilkkari.fi\/index.php?rest_route=\/wp\/v2\/media\/66"}],"wp:attachment":[{"href":"https:\/\/www.tilkkari.fi\/index.php?rest_route=%2Fwp%2Fv2%2Fmedia&parent=2"}],"curies":[{"name":"wp","href":"https:\/\/api.w.org\/{rel}","templated":true}]}}